= -4*w - f. What are the prime factors of w?
61
Let v = 202 + 643. Suppose 0 = 5*q - y + 2*y - v, 0 = y. What are the prime factors of q?
13
Suppose -42*g + 46*g = 3*p - 16635, 2*g = -4*p + 22180. List the prime factors of p.
5, 1109
Suppose 56783 = 8*r - 3569. Suppose -r + 1049 = -15*x. List the prime factors of x.
433
Let x = 2929 + -1283. Suppose 117*w - 115*w = x. List the prime factors of w.
823
Let q be (7 - (-6 + 7))/3. What are the prime factors of (q + 0)/(-2) - -362?
19
Let k(w) = 28*w - 277. Let i be k(32). Let p = i + -506. List the prime factors of p.
113
Suppose 0 = -14*c + 4*c. Suppose c = -6*m + m - 5. What are the prime factors of 3/m - (-171 - -19)?
149
Let k be 8/10 - ((-84)/(-30) - 5). Suppose i - k = -2, -691 = -4*d + i. Let u = 48 + d. List the prime factors of u.
13, 17
Suppose 0 = 81*b - 93*b + 48. Suppose -b*j + 131*v + 4684 = 127*v, 3*j = 4*v + 3516. List the prime factors of j.
2, 73
Let x = 17669 - 8951. What are the prime factors of x?
2, 3, 1453
Let m be (-4)/6*(-240)/(-32). Let c be (-5194)/(-35) + 2/m. Suppose c - 397 = -3*s. What are the prime factors of s?
83
List the prime factors of 225/(-90)*(4662/(-15) + (-6)/(-15)).
2, 97
Suppose 3*x - 768 = -3*x. Let i(b) = -b**3 + 8*b**2 - 4*b - 14. Let o be i(8). Let w = o + x. List the prime factors of w.
2, 41
Suppose -c - 2*w + 2362 = 3*c, -c - 3*w = -593. Let f = 646 - c. What are the prime factors of f?
2, 7
Suppose -u - 565 = -224. Let r = u + 447. What are the prime factors of r?
2, 53
Let h be ((-37323)/(-174))/(1*(-2)/(-52)). Let m = 2 - 1. List the prime factors of 3*m/(-4) - h/(-44).
2, 3, 7
Suppose 3*d - 3*u = -2*d + 11, u = -2*d. What are the prime factors of 0/(2*d) - (-27216)/126?
2, 3
Suppose 0 = 62*b - 58*b - 8. Suppose b*g = 4*i + 552, -5*g + 4*i + 1416 = 3*i. What are the prime factors of g?
2, 71
Let g = 228 + -193. List the prime factors of (-36 + (-7)/(g/15))*-18.
2, 3, 13
Let h(r) = -r**3 - 4*r**2 - 3*r - 10. Let g be h(-4). Suppose -2*s + 132 + 128 = m, g*m - 538 = 2*s. What are the prime factors of m?
2, 7, 19
Suppose 12086 = 2*z - 4*g, -15*g - 4 = -14*g. List the prime factors of z.
5, 17, 71
Let a = 10075 + -5567. List the prime factors of a.
2, 7, 23
Let h(m) = 2785 + 31*m + 2791 - 5613. Let u(t) = -2*t - 5. Let c be u(-7). What are the prime factors of h(c)?
2, 11
Suppose -3*x - 9 = -3*l, -2*l - 18 = -6*l - 2*x. What are the prime factors of 2302/2 + (l - 9 - -8)?
2, 577
Let u = 6784 + 24606. What are the prime factors of u?
2, 5, 43, 73
Suppose -7*g + 704568 = 22*g + 2*g. List the prime factors of g.
2, 3, 947
Let f(w) = 35*w**2 + 8*w + 5. Let c(u) = u**3 - 8*u**2 + 2*u - 19. Let l be c(8). Let y be f(l). Suppose 3*g - y = 202. What are the prime factors of g?
2, 83
Let y = 41189 - 21257. What are the prime factors of y?
2, 3, 11, 151
Let m(g) = -7*g - 61. Let a be m(-22). Suppose -87*u - 258 = -a*u. What are the prime factors of u?
43
Let w be 147/2*((-1296)/21)/(-12). Suppose 0 = -g - 2*v + w, -4*v - 1 + 5 = 0. What are the prime factors of g?
2, 47
Let k(y) = -y**3 + 12*y**2 - 15*y + 35. Let r be k(11). Let f = 55 - r. List the prime factors of f.
2
Let q(i) = -3*i + 203 - 199 - i - 4*i. Let f = -3 + -11. List the prime factors of q(f).
2, 29
List the prime factors of (-28 - 1224/(-48))/(10/(-73016)).
2, 9127
Suppose -396169 = -33*u + 846974. What are the prime factors of u?
3, 29, 433
Let w = -37201 - -65897. List the prime factors of w.
2, 17, 211
Suppose -8 = f + 3*a - 16, -a - 8 = 3*f. List the prime factors of 61 + -5 + -20*2/f.
2, 3, 11
Let w = 3343 + -1375. List the prime factors of w.
2, 3, 41
Let c(l) = -l**3 + 6*l**2 - l + 1. Let q be c(6). Let w = -837 - -836. What are the prime factors of (q*(-3)/(-9))/(w/15)?
5
Suppose -11*z + 6*z - 5 = 0. Let c be (-1 + 1/2)/(z/(-16)). Let f(g) = g**3 + 8*g**2 + 19. What are the prime factors of f(c)?
19
Let x(q) = q**2 - 16*q - 80. Let g be x(20). Suppose g = 4*c + 4, -a - 2*a + 4*c = -211. List the prime factors of a.
3, 23
Let n(t) = -21*t + 30. Let o be n(26). Let y = o + 1052. What are the prime factors of y?
2, 67
Suppose c = -4*d - 2372, 1894 = -4*d - 4*c - 478. Let n = d + 872. What are the prime factors of n?
3, 31
Suppose 12740 = -1686*l + 1690*l. Suppose -2*p - l = -2*s - s, 5*p - 4216 = -4*s. What are the prime factors of s?
3, 353
Let g be 72432/(5 + 3)*(-16)/(-6). Suppose -8*j + g = 40*j. List the prime factors of j.
503
Let w(v) = 362*v**2 - 31*v + 14. What are the prime factors of w(5)?
59, 151
Let s = -69479 - -102275. List the prime factors of s.
2, 3, 911
Suppose -10*w + 14*w + 140 = 0. Let z = w - -158. List the prime factors of z.
3, 41
Suppose 0 = 2*l + 5*q + 13, -4 = l + q - 2. Let z be 15/((0 - l)/(-19)). Let d = z - 132. What are the prime factors of d?
3, 17
Let x(p) = 6*p**2 - 4*p - 5. Let m be x(-4). Suppose 32*l - 8*l - 56 = 10*l. Suppose l*v - 9*d - m = -6*d, -2*v + 5*d + 43 = 0. What are the prime factors of v?
29
Suppose -2*y = -w - 24, 46 = 184*y - 180*y - w. Suppose -y*n + 13*n = 2*z - 940, -4*z = n - 1885. What are the prime factors of z?
3, 157
Suppose -3*u + 5*j + 20681 = 0, u - 7*j = -9*j + 6912. List the prime factors of u.
2, 7, 17, 29
Suppose -4252 = 13*h - 27002. What are the prime factors of h?
2, 5, 7
Suppose 2*c - c - 501 = 0. Let t be -1*(-4)/(12/c). Let y = t - 68. What are the prime factors of y?
3, 11
Let q be ((-4)/5)/(1/5). Let l(u) = 4*u**3 - u**2 - 7*u - 8. Let n be l(q). What are the prime factors of (1*-5)/(12/n)?
3, 5, 7
Let b(k) be the second derivative of k**5/20 - k**4/4 + k**3 - k**2 + 30*k. Let y be b(5). Suppose 73*i + 135 = y*i. List the prime factors of i.
3
Let z(p) = -9*p**3 - p**2 - p + 2. Let n be z(-2). Let g be ((-5)/(-4))/(1/n). Suppose 3*y - g = m, -m + 3*m - 110 = -4*y. List the prime factors of y.
29
Let p be (-78)/(-5) + (-6)/(-15). List the prime factors of (p/4 - -1958)*7/7.
2, 3, 109
What are the prime factors of ((-3)/((-990)/(-1518)))/(-1 - 4984/(-4985))?
23, 997
Suppose 3*g + 10 = 160. Let s = g + -48. Suppose 0 = s*o - 565 + 155. What are the prime factors of o?
5, 41
Let w = 402 - 402. Suppose -5*g + 7393 = -4*l, -g + 4*l - l + 1483 = w. List the prime factors of g.
7, 211
Let n = -1266 - -2045. Let x = n + -466. Suppose 0 = -9*a + 497 + x. What are the prime factors of a?
2, 3, 5
Let u(t) = -12*t**3 - 2*t**2 + 6*t - 8. Let f(n) = 2*n**2 + 32*n + 122. Let l be f(-9). What are the prime factors of u(l)?
2, 11
Let c(h) = 116*h**2 + 133*h - 2096. What are the prime factors of c(18)?
2, 13, 31, 47
Let r(m) = -m**3 - 6*m**2 + 26*m + 5. Let d be r(3). Suppose 2*n - 1114 = d*g, 2*n - 632 - 487 = -3*g. List the prime factors of n.
2, 3, 31
Suppose 0 = -54*z + 1112645 + 151765. What are the prime factors of z?
3, 5, 7, 223
Let r(p) = 67*p + 140. Let u(t) = -33*t - 69. Let d(m) = -3*r(m) - 5*u(m). What are the prime factors of d(-16)?
3, 167
Let j = 742 + -514. Let l = 826 - j. List the prime factors of l.
2, 13, 23
Let u = -78 - -94. Suppose -9*k = -u - 20. Suppose -2*g - 3*w + 216 = -28, w - k = 0. List the prime factors of g.
2, 29
Suppose -812812 = 65*s - 109*s. List the prime factors of s.
7, 13, 29
Let a(k) = -11*k - 2167 + 2162 - 4*k. List the prime factors of a(-6).
5, 17
Suppose -d + 105 - 33 = 0. Let m be ((-1)/(-4))/(6/d). Suppose 0 = 13*i - m*i - 910. What are the prime factors of i?
7, 13
Suppose -6*f - 1257 = 7113. Let a = -887 - f. Suppose -4*i = -5*b - 1018, -2*i + 5*b + a = 3*b. List the prime factors of i.
2, 3, 7
Let y = 7533 - 2403. Suppose -11*f + y = -f. Let h = f - 320. List the prime factors of h.
193
Let r be ((-5)/(-2))/(5 - (-27)/(-6)). Suppose 4*a - 5*b = 912, -r*a + 18*b + 1099 = 22*b. What are the prime factors of a?
223
Let p(s) = -484*s - 719. List the prime factors of p(-14).
3, 673
Suppose 0 = -2*s + 3*l + 10, 2*s + 4*l + 4 = 0. Suppose -1090 = -0*i - 3*i - x, -1091 = -3*i - s*x. What are the prime factors of i?
3, 11
Let t = 66 - 57. Suppose 0*y + t*y = 72. Suppose 4*v + 653 = 3*a, 0*v = 4*v + y. List the prime factors of a.
5, 43
Let b(l) = 2*l**3 - 17*l**2 - 8*l - 4. Let u be b(9). Let d = 195 - u. List the prime factors of d.
2, 5, 19
List the prime factors of 807/538*4456/3.
2, 557
Let l = 122 - 124. What are the prime factors of l/(26/(-3991)) + -1*5?
2, 151
Suppose 0 = -68